 is divided by q?
0
Let s = 110 - 90. Let r = -8 + s. Calculate the remainder when 38 is divided by r.
2
Let c be (-2)/10 + (-8954)/55. Suppose -6*l = -l - 1265. Let m = l + c. Calculate the remainder when m is divided by 23.
21
Suppose 0 = -5*d + 20, 2*k - 30 = -0*k + 5*d. Suppose r + 147 = 3*z + k, 208 = 5*z + 3*r. Calculate the remainder when z is divided by 14.
13
Suppose 0 = -2*w - 4*u - 110, 3*u + 132 = -5*w - 178. What is the remainder when 48 is divided by (-2)/10 - 1118/w?
14
Let k be (-430)/(-14) + (-2)/(-7). Suppose -5*h - z = -155, h - z - k = 3*z. Let i = 19 + -8. Calculate the remainder when h is divided by i.
9
Let h = 73 + -61. Suppose -3*a - h = 0, 11 = 5*m + 4*a - 33. Calculate the remainder when 81 is divided by m.
9
Let g(z) = -4*z**2 - 71*z - 90. Calculate the remainder when 503 is divided by g(-16).
19
Let b(j) = 18*j - 42. What is the remainder when b(11) is divided by 32?
28
Suppose -18*w + 401 = -13. Calculate the remainder when w is divided by 5.
3
Let a(k) = k**3 + 15*k**2 + 7*k - 28. Calculate the remainder when a(-14) is divided by 18.
16
What is the remainder when 1283 is divided by 20*8/64 + (-209)/(-2)?
106
Let m be -3*12/(-3)*1. What is the remainder when 21 is divided by 3/(-12) + 99/m?
5
Let y = 246 - 171. Suppose 2*z + 92 = 5*u - u, -3*z = -3*u + y. Calculate the remainder when 40 is divided by u.
19
Let r(l) = l**2 + 28*l + 2. Let u be r(-25). Let y = u - -84. What is the remainder when 28 is divided by y?
6
Let i = -16 + 18. Suppose 2*t - 5*t = g - 2, -g - t = -i. What is the remainder when g is divided by ((-1)/2 - 0)*-2?
0
Suppose -12*u + 146 = -826. Calculate the remainder when 187 is divided by u.
25
Let k = -45 + 54. Let t(b) = 18*b + 7. Let w(i) = -126*i - 48. Let o(h) = 27*t(h) + 4*w(h). Calculate the remainder when o(-2) is divided by k.
6
Suppose 0 = z - 5*q - 102, -2*z = -2*q + 15 - 195. What is the remainder when z is divided by -4*18/(-4)*1?
15
Let u be (-2 - (0 + -2))*1/1. Let w(h) = h + 13. Suppose 3*x + 113 = 3*r + 5*x, 32 = r - 5*x. What is the remainder when r is divided by w(u)?
11
Let k(u) = 6*u**2 + 2*u - 3. Calculate the remainder when (-1820)/(-104)*126/15 is divided by k(2).
22
Let t = -513 + 590. What is the remainder when 236 is divided by t?
5
What is the remainder when 1*474*(-108)/(-216) is divided by 30?
27
Let y(u) = -u**3 - u**2 + u + 69. Let w(h) = 7*h + 164. What is the remainder when y(0) is divided by w(-20)?
21
Let f = 237 + -65. What is the remainder when f is divided by 48?
28
Suppose 8*l = 4*l + 12, 3*l = 2*b - 99. Calculate the remainder when 591 is divided by b.
51
Let b = -257 + 554. Calculate the remainder when b is divided by 50.
47
Suppose 4*v = 4*f - 104, -5*f - 76 = 4*v - 2*f. Let a = v + 65. Calculate the remainder when a is divided by 9.
7
Let x(u) = -9*u - 156. Calculate the remainder when 1483 is divided by x(-19).
13
Let h = -20 - 13. Let p = 54 + h. What is the remainder when p is divided by 12?
9
Let h = 187 + -182. What is the remainder when h is divided by 4?
1
Suppose -23 = 11*i - 12*i - 2*h, i = -5*h + 35. What is the remainder when 209 is divided by i?
14
Suppose -4*c = 3*o + o - 176, -4*c - 5*o = -171. Calculate the remainder when c is divided by 26.
23
Calculate the remainder when (0/8 - 9/(-3))*(-19)/(-3) is divided by ((-6)/(-4))/(1/2).
1
Let j = 11 - -28. What is the remainder when 67 is divided by j?
28
Suppose -7 = -2*q + 1. Suppose 0 = q*k - 4 - 4. Suppose 0 = k*z - 88 - 22. What is the remainder when z is divided by 28?
27
Let t = 43 + -61. Suppose 3*k = 214 - 7. What is the remainder when k is divided by 0*(-3)/(-9) - t?
15
Suppose 0 = 8*z - 842 + 674. Calculate the remainder when 31 is divided by z.
10
Suppose -2*d = -6 + 2. Suppose -3*j + 7*j = -3*q + 21, -d*q = -3*j + 3. Suppose j*r - 19 = 38. Calculate the remainder when 56 is divided by r.
18
Let n be (9/(-6))/(-3)*32. Let g = 20 - n. Suppose 0*t + 2*t = c + 147, -291 = -g*t + 3*c. Calculate the remainder when t is divided by 19.
18
Calculate the remainder when 2*(-150 - -1)*(24 + -26) is divided by 13.
11
Let n(q) = 2*q + 13. Let m be n(-13). Let k = 18 + m. Suppose 3*u - k*a - 2 - 14 = 0, 0 = 4*u + 3*a - 2. Calculate the remainder when 3 is divided by u.
1
Let p(k) = -18*k. Let n = -20889 + 21048. What is the remainder when n is divided by p(-3)?
51
Let j(w) be the second derivative of w**4/4 - 10*w**2 - 16*w. Calculate the remainder when 161 is divided by j(-5).
51
Let u(s) = -2*s**3 + 29*s**2 + 19*s + 1. Calculate the remainder when u(15) is divided by 21.
19
Let s = 53 - 21. Calculate the remainder when s is divided by 6.
2
Let x = 357 + -175. Let i = x + -126. Suppose 0 = -4*m - 2*n + 5*n + 58, -3*m - 4*n = -i. Calculate the remainder when m is divided by 9.
7
Let l = 70 + -117. Let v = l + 147. What is the remainder when v is divided by 26?
22
Calculate the remainder when (10 - -1 - 5) + 32 is divided by 6.
2
What is the remainder when 313/2*9/(9/2) is divided by 21?
19
Suppose 4*p - 14 = 6*p - 2*h, -p + 4*h = 19. Let z = p - -10. Suppose 4*a + 258 = z*a. Calculate the remainder when a is divided by 29.
28
Let h(m) = 19*m. Calculate the remainder when 5/20 - (-222)/8 is divided by h(1).
9
Let a = -1 - -4. Let r(g) = -5*g**2 - 2*g - 4. Let v be r(a). Let h = v - -78. Calculate the remainder when 91 is divided by h.
22
Let v(f) = -13*f + 1. Let d be v(2). Suppose 4*y - 144 = -3*x + 7*x, 0 = 5*y + 5*x - 200. Let h = y + d. Calculate the remainder when 51 is divided by h.
12
Let t(n) be the first derivative of n**3/3 - n**2 - 7*n - 15. Calculate the remainder when t(-6) is divided by 11.
8
Suppose 0*l - 323 = -19*l. Let s(f) = 7*f + 7. What is the remainder when s(6) is divided by l?
15
Suppose 3*h + 12 = 0, 0 = -3*d - h + 89 + 129. Calculate the remainder when d is divided by 15 + 2 - -2*1.
17
Let z(t) = -3*t + 14*t**2 - 13*t**2 - 1 + 2*t. What is the remainder when 41 is divided by z(4)?
8
Let h(q) = -q**3 - 4*q**2 - 7*q - 6. Let c be h(-4). Calculate the remainder when 59 is divided by (c/(-55))/((-2)/110).
15
Suppose -2*q + 1 - 5 = -2*z, -z + 2 = 4*q. Suppose -i - 2*u = -4*u - 41, 87 = z*i - 5*u. What is the remainder when i is divided by 17?
14
Suppose 5*q - 5*n + 8 = -7, 2*q - 4*n = -14. Let y(i) = 3*i**3 + i**2 + i - 1. Let g be y(q). What is the remainder when 42 is divided by ((-210)/(-56))/(1/g)?
12
Calculate the remainder when 232 is divided by (-10)/20*(-108)/8*16.
16
Let o = 412 + -291. Let n = o - 115. What is the remainder when 75 is divided by n?
3
Suppose -100 + 54 = -f. Suppose 214 = 10*d - f. What is the remainder when 77 is divided by d?
25
Let u = 427 + -259. Calculate the remainder when u is divided by 34*(1 - 0/3).
32
Let g(l) = 4*l + 23. Let h be g(-13). Let m = h + 79. Suppose -5*v + 47 = -18. What is the remainder when m is divided by v?
11
Suppose -6*b = 4*b - 9400. Calculate the remainder when b is divided by 41.
38
Suppose 159 = 9*j - 264. What is the remainder when 327 is divided by j?
45
Let q(r) = -r**3 + 3*r**2 - 2*r + 4. Let j be q(3). Let s = j - -18. What is the remainder when (-2479)/(-37) + (-5)/((-5)/(-4)) is divided by s?
15
Calculate the remainder when 790 is divided by (-17458)/(-1462) - 1/(-17).
10
Suppose 8*g + 5*j - 285 = 3*g, 0 = 7*j. Calculate the remainder when g is divided by 23.
11
Suppose 94 + 621 = 5*b. Suppose -31 = -6*t + b. Suppose 2*i - 18 = -2*w, 0 = -2*w - w - 4*i + 28. Calculate the remainder when t is divided by w.
5
Suppose -86*j = -80*j - 456. What is the remainder when j is divided by 23?
7
Let q = -26 - -89. What is the remainder when q is divided by 14?
7
Let w = -29 - -25. Let o be 64/(0 + w) - 2. Let m = o - -29. What is the remainder when 30 is divided by m?
8
Let r(j) = 22*j**3 + 2*j**2 + j - 1. What is the remainder when r(2) is divided by 21?
17
Suppose 37*f - 38*f + 43 = 0. Calculate the remainder when 84 is divided by f.
41
Let w = 19 - 11. Let l = -3 + w. Calculate the remainder when ((-4)/(-4))/(4/(-56)*-2) is divided by l.
2
Suppose -r = 2*r + 6. Let l(p) = -1. Let m(o) = -o + 1. Let a(k) = 6*l(k) + 5*m(k). What is the remainder when 34 is divided by a(r)?
7
What is the remainder when (-4)/6 + (551/3 - -3) is divided by 38?
34
Let h be (336/(-18))/(4/(-6)). Let k = 49 - h. Suppose 44 = -v + 126. What 